00101
In base 9, what is 53360 - 11?
53348
In base 9, what is 138352 - 6?
138345
In base 5, what is 4 + 344101?
344110
In base 14, what is -836 + -27d?
-ab5
In base 11, what is 5a08 - 2?
5a06
In base 14, what is -a + -206a?
-2076
In base 14, what is -83b - 11?
-84c
In base 3, what is -111220020211 - -1?
-111220020210
In base 14, what is -108060 - -1?
-10805d
In base 7, what is 2 - 131125?
-131123
In base 11, what is 52 + 83a?
891
In base 15, what is 1045 + -2?
1043
In base 12, what is 48 + -28b4b?
-28b03
In base 13, what is 0 - -cb1?
cb1
In base 10, what is -81 - 1906?
-1987
In base 6, what is 20 - 40223?
-40203
In base 4, what is -32 + 220332?
220300
In base 2, what is -110001 + 10011111001110?
10011110011101
In base 12, what is 4aa - -177?
665
In base 6, what is 0 - 2302122?
-2302122
In base 7, what is -232326 - -35?
-232261
In base 3, what is -200 + 10200220?
10200020
In base 4, what is -100123003 - 2?
-100123011
In base 11, what is -395 - -45?
-350
In base 7, what is 15 - -234662?
235010
In base 9, what is 2027 + -165?
1752
In base 12, what is 0 + -114bb?
-114bb
In base 11, what is 267 - -1856?
2012
In base 8, what is -2711677 + 1?
-2711676
In base 5, what is 1224 + 21411?
23140
In base 12, what is b505 + 5?
b50a
In base 6, what is -4 + 34553?
34545
In base 2, what is 1001001111011 + 10011?
1001010001110
In base 8, what is -762 + 6444?
5462
In base 13, what is c6 + -111?
-18
In base 12, what is -3 - 198028?
-19802b
In base 11, what is 1 - 6744?
-6743
In base 5, what is 0 + 1041002?
1041002
In base 16, what is 5 - 5dda?
-5dd5
In base 14, what is -3 + 75602?
755dd
In base 16, what is 4 + d240?
d244
In base 9, what is -223 + 3452?
3228
In base 5, what is 42041331 - 0?
42041331
In base 10, what is 58 + -3?
55
In base 15, what is 1512 + 4?
1516
In base 4, what is -11 + -2221130103?
-2221130120
In base 7, what is -2353312 - 1?
-2353313
In base 2, what is -1110 + 1101111010100?
1101111000110
In base 2, what is -1 + -101011100101100000110?
-101011100101100000111
In base 13, what is 3551 + 23?
3574
In base 13, what is -3b16 + 20?
-3ac6
In base 4, what is -11 + -10223223?
-10223300
In base 12, what is 2 + 1836?
1838
In base 10, what is 2441943 - -5?
2441948
In base 10, what is -2 - -32550?
32548
In base 7, what is 133 + -5504?
-5341
In base 8, what is -45143757 - 3?
-45143762
In base 16, what is -1637db + -4?
-1637df
In base 16, what is -2232 + 40?
-21f2
In base 9, what is -7 + -10643?
-10651
In base 16, what is -71c - -f?
-70d
In base 9, what is -207 + -18?
-226
In base 10, what is -5 - -36972?
36967
In base 15, what is -23 + -3058?
-307b
In base 5, what is -10 - -1144221?
1144211
In base 10, what is -731 + -83?
-814
In base 8, what is -4601 - 131?
-4732
In base 9, what is 28 + 101423?
101452
In base 12, what is -1673 + 1aa?
-1485
In base 2, what is 10 + -1101111101000110?
-1101111101000100
In base 3, what is 1200022 - -112?
1200211
In base 4, what is 1001011013 + 3?
1001011022
In base 13, what is -560 + 9b3?
453
In base 9, what is 882123 - 3?
882120
In base 10, what is 20 - 774?
-754
In base 3, what is -1122100202 - 2?
-1122100211
In base 6, what is -240205 + -42?
-240251
In base 7, what is 215355 - 11?
215344
In base 16, what is -7 + d4a8?
d4a1
In base 5, what is 31 - 10410443?
-10410412
In base 11, what is -184 + -2a7?
-480
In base 8, what is -20 + -16364?
-16404
In base 9, what is -5002604 + -1?
-5002605
In base 4, what is -3231303211 - -1?
-3231303210
In base 6, what is 21300 + -100?
21200
In base 4, what is 32 + 121222?
121320
In base 3, what is 2 - -11211211212?
11211211221
In base 3, what is 112212220 + -11?
112212202
In base 5, what is 2 + -23143320?
-23143313
In base 3, what is -101121100012 + 11?
-101121100001
In base 8, what is -1 + -5550416?
-5550417
In base 11, what is 41 - -6242?
6283
In base 4, what is -310100331 - 10?
-310101001
In base 7, what is -131 - 103?
-234
In base 9, what is 6537 + 24?
6562
In base 5, what is -123 - -4123?
4000
In base 4, what is -110112222 - 12?
-110112300
In base 8, what is -13541 - 6?
-13547
In base 10, what is -2324 - -173?
-2151
In base 3, what is -12 + -22002120?
-22002202
In base 13, what is -a56 + -21a?
-c73
In base 10, what is -4 - -443529?
443525
In base 11, what is 5 + -21a83?
-21a79
In base 6, what is 503012 + -3?
503005
In base 4, what is 22301301 - -2?
22301303
In base 15, what is 5b28 - -3?
5b2b
In base 10, what is 69853 + -2?
69851
In base 3, what is 122012002 - 111?
122011121
In base 9, what is 287 + -1110?
-712
In base 14, what is 1181 + 7?
1188
In base 2, what is -100 - -110000001010?
110000000110
In base 10, what is 2740 + -63?
2677
In base 15, what is e5 - -7b0?
8a5
In base 12, what is -2183 - 135?
-22b8
In base 3, what is -11210210211210 + 1?
-11210210211202
In base 3, what is 1011 + -11111000?
-11102212
In base 9, what is -144 - 2154?
-2308
In base 10, what is -3 - -3578?
3575
In base 11, what is 219116 - 4?
219112
In base 7, what is 4551 + -114?
4434
In base 12, what is 30 + -161?
-131
In base 3, what is 1110120010 - 11?
1110112222
In base 9, what is 31 - 1321?
-1280
In base 14, what is 41a6 - 4d?
4157
In base 10, what is 6902029 + 2?
6902031
In base 6, what is -40 + 114514?
114434
In base 9, what is -322042 + 5?
-322036
In base 14, what is -24b23 - 6?
-24b29
In base 8, what is 61 + -1433?
-1352
In base 9, what is 1688 + -124?
1564
In base 2, what is -10 + 100010011101011?
100010011101001
In base 8, what is -215123 - 5?
-215130
In base 8, what is 1076 + -271?
605
In base 14, what is -3c23d + -17?
-3c256
In base 8, what is -34 - 115216?
-115252
In base 10, what is 7 - -120928?
120935
In base 13, what is 5214 - 8?
5209
In base 11, what is 24710 - 4?
24707
In base 4, what is 1312312 - 1133?
1311113
In base 14, what is -c6 - -19a?
b4
In base 10, what is -3539 + -24?
-3563
In base 14, what is -72690 - 1?
-72691
In base 9, what is 23 + -64033?
-64010
In base 16, what is 3e37 - 7?
3e30
In base 4, what is 2 - 22212013?
-22212011
In base 10, what is -115715 - 20?
-115735
In base 7, what is 1145 - 140?
1005
In base 10, what is -129 + 517?
388
In base 16, what is c + -3472?
-3466
In base 11, what is 2387 + 24?
2400
In base 5, what is 210102012 + -10?
210102002
In base 15, what is -c9 - 5e?
-138
In base 7, what is -231 - -4303?
4042
In base 11, what is -11246 - 0?
-11246
In base 5, what is -23 + 120440?
120412
In base 12, what is -3 - 85224?
-85227
In base 11, what is 3 + 10a22?
10a25
In base 15, what is -6bd61 - 4?
-6bd65
In base 16, what is -2ed - -1dd?
-110
In base 2, what is -10011111000 - -11000000?
-10000111000
In base 12, what is 0 + -566958?
-566958
In base 10, what is -53 + 697?
644
In base 12, what is -5 - 5134?
-5139
In base 10, what is -3 + -6335?
-6338
In base 10, what is -5 + -26571?
-26576
In base 15, what is 81e + -d2?
73c
In base 13, what is -2 + 1041?
103c
In base 14, what is -3a55 - -b?
-3a48
In base 11, what is 4777 - -1?
4778
In base 16, what is 13bde - -7?
13be5
In base 5, what is -4132420 - 4?
-4132424
In base 14, what is 37d - -28?
3a7
In base 8, what is -2012 + -31?
-2043
In base 2, what is 10100000101001100 + -1000?
10100000101000100
In base 6, what is 5 + -24302401?
-24302352
In base 4, what is -211 + -213?
-1030
In base 13, what is -3b + -157?
-195
In base 4, what is 202 - -211300023?
211300231
In base 13, what is -31a2 - a?
-31ac
In base 2, what is -100111111010000 + 1100?
-100111111000100
In base 11, what is 497 - 0?
497
In base 14, what is -330 - c2?
-412
In base 3, what is -201102002210 + 12?
-201102002121
In base 5, what is 1302404 - -200?
1303104
In base 8, what is -3213 + -43?
-3256
In base 5, what is -4234142 + -3?
-4234200
In base 3, what is -10000120 - -2?
-10000111
In base 7, what is 2313 + -43?
2240
In base 12, what is -195 + -20?
-1b5
In base 4, what is 3 - -330123?
330132
In base 2, what is -1000001110101100 - 10101010?
-1000010001010110
In base 6, what is -13151031 - 5?
-13151040
In base 13, what is -5 + -24a496?
-24a49b
In base 11, what is -25806a + -1?
-258070
In base 10, what is 5 - 369463?
-369458
In base 4, what is 32231 - -31313?
130210
In base 7, what is 166 + 6161?
6360
In base 11, what is 13 - 2709?
-26a6
In base 4, what is -311122320 - 1?
-311122321
In base 11, what is 5 + -901450?
-901446
In base 5, what is 101 - -3223102?
3223203
In bas